 -o*c = s - 30. Calculate the highest common divisor of 225 and s.
25
Let r = -3 + 3. Suppose 0*q - q = r. Suppose q*j - j + 12 = 0. Calculate the highest common factor of 8 and j.
4
Suppose -4*b + 186 = 3*t, 3*t = -b + 54 - 3. Calculate the greatest common divisor of b and 135.
45
Let u = 95 - 80. Calculate the highest common divisor of u and 60.
15
Suppose 2*m - 80 = -3*m - 5*x, 3*m = -2*x + 45. Suppose -5*t + 4*p = -176, t - 14 - 18 = 4*p. Let q = -23 + t. Calculate the greatest common divisor of m and q.
13
Suppose 5*f - 19 = -2*s + 33, -5*s = -3*f + 25. Let z = 11 + -6. Let i be (z/3)/(1/3). What is the highest common divisor of f and i?
5
Let o(w) = -w**2 - 12*w - 12. Let b be o(-10). What is the greatest common factor of 2 and b?
2
Let j = 35 - 32. Calculate the highest common factor of j and 21.
3
Let s(v) = -v + 5. Let c be 18/(-4) - 2/(-4). Let l be s(c). What is the highest common factor of l and 45?
9
Let k(n) = -n**2 - 9*n + 4. Let t be k(-6). Suppose 7*p - 15 = 2*p. Suppose -p*y + 6 = -0. What is the greatest common factor of y and t?
2
Let k = -41 - -77. Suppose -111 = -4*l - 15. Calculate the greatest common divisor of k and l.
12
Suppose -5*q - 112 = -4*q. Let g be (2/(-4))/(2/q). What is the greatest common factor of 28 and g?
28
Let d(z) = 57*z**2 - 1. Let m be d(1). Suppose p = -5*p + 42. Suppose -q + 2*q - p = 0. Calculate the highest common divisor of m and q.
7
Suppose -4*v + 18 = -v - c, -v + c = -4. Let y = 17 - v. What is the highest common divisor of y and 80?
10
Suppose -4*l + 4 = -0. Suppose 0 = 3*s - 3*k - 39, -k - 12 = 2*k. Calculate the greatest common divisor of l and s.
1
Let u(y) = 15*y**3 + y**2 - 3*y + 1. Let v be u(1). What is the highest common factor of v and 21?
7
Let q(s) = 90*s + 12. Let f be q(2). What is the highest common factor of f and 24?
24
Let q = -21 - -90. Suppose -d - 17 = -5*w + q, 0 = 4*w + 5*d - 92. Suppose 0 = -5*c + 68 - w. Calculate the highest common divisor of 1 and c.
1
Let y be (-1)/(1*(-3)/183). Suppose y = 3*q - 23. Let l(r) = 3*r - 5. Let f be l(4). What is the highest common factor of f and q?
7
Let b be -2 + 198/15 + (-4)/20. What is the greatest common factor of 121 and b?
11
Suppose -695 - 265 = -4*w. Suppose -w = -4*b + 100. Calculate the highest common factor of b and 17.
17
Suppose 410 = 5*p - s, s = 5*p + 6*s - 380. Calculate the highest common factor of p and 18.
9
Suppose 4*b - 2*i = 100, 0 = i + 2. What is the highest common factor of 168 and b?
24
Let u be ((-4)/(-2))/(1/(-10)). Let g be (-16)/u + 902/10. Let t = 39 + -26. What is the highest common factor of g and t?
13
Suppose -3*g + g + 75 = 5*v, 0 = -2*g + v + 57. Let j = 5 + 1. What is the highest common divisor of g and j?
6
Let k(b) = 12*b**2 - 5*b + 2. Let l be k(3). Suppose q + l = 6*q. Calculate the greatest common factor of q and 19.
19
Let r be 18/(-3)*(-8)/6. Calculate the highest common factor of 24 and r.
8
Let y be 42 - (4/(-7))/((-6)/21). Suppose 0*d = -4*w + 3*d + 67, -4*w + 4*d + 68 = 0. Calculate the greatest common divisor of y and w.
8
Let u(i) = -i**3 + 10*i**2 + 9*i + 6. Let a be u(10). Let p = 138 - a. Calculate the highest common factor of p and 63.
21
Suppose 3*r - 108 = -6*r. Calculate the greatest common divisor of r and 12.
12
Let k = -150 - -252. Let p = -5 + 7. Suppose -x = p*r - k, -r - r = 2*x - 200. What is the greatest common divisor of x and 14?
14
Let n = 43 + -25. Suppose n = g + 7. Calculate the highest common factor of 33 and g.
11
Suppose -f + 4 = 5*g, -2*f + 3*g = -4*f + 22. What is the greatest common divisor of 14 and f?
14
Let p = -1 + -4. Let x = p - -10. Suppose 8*m = 3*m + 125. Calculate the highest common factor of x and m.
5
Suppose 0 = -2*v - 7*v + 1521. Calculate the greatest common divisor of 13 and v.
13
Let u(t) = -2*t**2 + 2*t. Let h be u(-2). Let l be (5/4)/(h/(-48)). Calculate the greatest common divisor of 15 and l.
5
Let i be -5*(-8)/(4/4). What is the greatest common factor of 5 and i?
5
Suppose -f - 3*l - 2 = 0, -5*f - l = -50 - 10. Calculate the highest common divisor of f and 143.
13
Suppose -4*l = -w + 11, 5*w - 2*w - 2*l - 13 = 0. Let q be (0 - w) + 1 + 3. Calculate the greatest common factor of 9 and q.
1
Let u be 12/((-192)/(-920)) + (-2)/(-4). Calculate the greatest common factor of u and 145.
29
Let r(c) = -3*c - 2. Let s be r(-6). Let z = s - 30. Let h(b) = -2*b - 17. Let k be h(z). Calculate the highest common divisor of 22 and k.
11
Let z(v) = -v**2 + 13*v - 2. Let a be z(11). Suppose 4*k + k - 25 = 0. Calculate the greatest common divisor of a and k.
5
Suppose 3*n - 6*n - 3*k = 6, 4*k + 32 = 4*n. Let b = 17 - 13. Suppose q - 17 - b = 0. Calculate the highest common divisor of n and q.
3
Let z(c) = 2*c - 4. Let s be z(4). What is the highest common divisor of s and 20?
4
Let d be (-50)/(-3) + (-4)/6. Suppose 3*x = -d + 100. What is the greatest common divisor of 4 and x?
4
Let g = 61 + -43. Let t be (-6)/(4/(-3) + 1). Let z = 27 - t. Calculate the greatest common divisor of g and z.
9
Suppose -11*q + 10*q = -24. What is the greatest common divisor of q and 12?
12
Suppose 3*s - s = -4. Let o = 5 + s. Suppose -o*h = h - 448. What is the greatest common factor of h and 16?
16
Let j be (-4)/(-10) + (-141)/15. Let y = 25 + j. What is the highest common divisor of 8 and y?
8
Let r = 5 - 11. Let z(k) = -k**3 - 2*k**2 + 5*k - 2. Let x be z(r). Calculate the highest common factor of x and 14.
14
Let u(n) = 3*n**3 - 1. Let v be u(1). Let a be 0 - -2*29/v. Calculate the highest common divisor of 145 and a.
29
Suppose -5*a + 31 + 14 = 0. Suppose -b = -a - 21. Suppose 0 = 5*w + 5*d - 85, 0 = -2*w + d + 20 + 8. What is the highest common factor of w and b?
15
Let r(d) = d + 1. Let n be r(1). Suppose -3*j = -z + n*z - 16, -4*j + 19 = -z. Calculate the highest common factor of j and 40.
5
Let t(f) = -2*f - 1. Let l = -24 - -17. Let i be t(l). Suppose 3*s = b + 41, -4*b - 1 = -2*s + i. What is the greatest common divisor of 60 and s?
15
Let y(u) = 11*u**3 - 2*u**2 - u - 2. Let q be y(2). Suppose -4*d + q = -5*j, 4*d + 19 = j + 95. Calculate the highest common divisor of d and 133.
19
Let a(j) = -j**2 + 11*j + 1. Let v be a(11). Let s be ((-1)/v - -2) + 6. Calculate the greatest common factor of 21 and s.
7
Let d(c) = -c + 5. Let u be d(-7). What is the highest common factor of 3 and u?
3
Let t = 28 + -26. Calculate the greatest common divisor of t and 22.
2
Let d be (-4)/3*6/(-4). Suppose -d*q + 0*q = -242. What is the highest common divisor of q and 11?
11
Let h be -2 + 0 + 0 + 64. Let m = -36 + h. Let g be ((-39)/(0 - 1))/1. Calculate the greatest common factor of m and g.
13
Suppose 3*x - 18 = -4*z, x - 5*x - 2*z = -14. Suppose 0 = -x*y - y + 231. Calculate the greatest common divisor of y and 11.
11
Suppose -6*x = -4*x - 4. Suppose -x*y + 55 = -y. Suppose 88 = -q + 5*q. What is the greatest common factor of y and q?
11
Let d(u) = -6*u + 3 + 3*u**2 + 0*u - 4*u**2. Let x be d(-5). What is the highest common factor of x and 40?
8
Let b be (-12)/(-8)*8/6. Suppose 0 = -b*f, -2*n - f + 4 = -0*n. Suppose -3*i + 13 + 8 = -q, -4*i + 35 = q. Calculate the highest common factor of i and n.
2
Let k(l) = 12*l + 3. Let n be ((-3)/(-9))/(2/18). Suppose -4*r = -5*r + n. Let h be k(r). Calculate the greatest common divisor of h and 13.
13
Suppose -20 = 4*m, 0*m + 4*m = -3*a + 124. Suppose 0 = q - 0*q - 6. Calculate the highest common divisor of q and a.
6
Suppose -u + 3*u = 0. Suppose -2*v + 3 - 15 = u. Let d be (-225)/v*(-8)/(-10). What is the highest common divisor of d and 12?
6
Let j = 16 - 47. Let o = j - -47. Calculate the greatest common factor of o and 112.
16
Let b(r) = -15*r - 3. Let n = -6 + 1. Let x be b(n). Calculate the greatest common factor of 24 and x.
24
Let j(v) = -5 - 11*v + 15*v + 3*v**2 - 3*v**2 + v**2. Let n be j(-6). Calculate the greatest common divisor of 28 and n.
7
Let z be ((-4)/6)/((21/81)/(-7)). What is the highest common factor of 54 and z?
18
Let f = 24 + 24. Suppose 2*g = 124 - f. Let j = -272 + 329. Calculate the greatest common factor of j and g.
19
Let p be ((-3)/(-4) - (-16)/64) + 86. What is the highest common divisor of p and 116?
29
Let b(k) = -8*k + 2. Let c be b(-2). Suppose r = -h + 128, 0*h + 4*r = 4*h - 496. Calculate the 